{"id":961,"date":"2023-03-16T09:30:22","date_gmt":"2023-03-16T09:30:22","guid":{"rendered":"https:\/\/flyfish-bregenzerwald.at\/?page_id=961"},"modified":"2023-11-12T08:13:15","modified_gmt":"2023-11-12T08:13:15","slug":"unser-team","status":"publish","type":"page","link":"https:\/\/flyfish-bregenzerwald.at\/index.php\/unser-team\/","title":{"rendered":"Unser Team"},"content":{"rendered":"\n<p>Im Fr\u00fchjahr 2004 startet <strong>Claus Elmenreich<\/strong> offiziell mit den ersten Kursen und Guidings an der Bregenzer- und Subersache und dem Verkauf von diversen Fliegenfischartikeln. Flyfishing Claus Elmenreich war geboren.<\/p>\n\n\n\n<p>Das Fliegenbindezimmer im Erdgeschoss des Elternhauses von Claus wurde zum B\u00fcro und Verkaufsraum umgebaut. Anfangs nebenberuflich, an den Abenden und Wochenenden, unterst\u00fctzt von seiner Frau Michaela wurden von hier aus s\u00e4mtliche Gesch\u00e4fte abgewickelt.<br>Kevin (2005) und Leni (2008), die gemeinsamen Kinder von Michaela und Claus halfen nat\u00fcrlich tatkr\u00e4ftig mit.<\/p>\n\n\n\n<p>Mit <strong>Martin Weidisch <\/strong>konnten wir 2020 unser Team verst\u00e4rken. Als Deutscher Fliegenbindemeister war es nur selbstverst\u00e4ndlich, dass Martin neben verschiedenen Guidings jetzt auch Fliegenbindekurse anbietet.<\/p>\n\n\n\n<p>Aus Flyfishing Claus Elmenreich wurde \u2013 flyfish Bregenzerwald. Somit wurde der neuen Situation mit neuem Namen und Design begegnet.<\/p>\n\n\n\n<p>Neu im Team seit 2021 ist <strong>Benjamin Eienbach<\/strong>. Benny ist Guide, befindet sich fast t\u00e4glich am Wasser und ist vor lauter Eifer kaum zu bremsen.<\/p>\n\n\n\n<p>Wir hoffen, wir haben Euch hiermit einen kleinen kurzen Einblick in die Welt von flyfish Bregenzerwald geben k\u00f6nnen. Wir w\u00fcrden uns freuen, wenn wir auch eure Leidenschaft geweckt haben.<\/p>\n\n\n\n<p>Viel Spa\u00df beim St\u00f6bern<\/p>\n\n\n\n<p>Euer<br>Team von flyfish-Bregenzerwald<\/p>\n","protected":false},"excerpt":{"rendered":"<p>Im Fr\u00fchjahr 2004 startet Claus Elmenreich offiziell mit den ersten Kursen und Guidings an der Bregenzer- und Subersache und dem Verkauf von diversen Fliegenfischartikeln. Flyfishing Claus Elmenreich war geboren. Das Fliegenbindezimmer im Erdgeschoss des Elternhauses von Claus wurde zum B\u00fcro und Verkaufsraum umgebaut. Anfangs nebenberuflich, an den Abenden und Wochenenden, unterst\u00fctzt von seiner Frau Michaela &#8230; <\/p>\n<p class=\"read-more-container\"><a title=\"Unser Team\" class=\"read-more button\" href=\"https:\/\/flyfish-bregenzerwald.at\/index.php\/unser-team\/#more-961\" aria-label=\"Mehr zu Unser Team\">Mehr &#8230;<\/a><\/p>\n","protected":false},"author":2,"featured_media":1223,"parent":0,"menu_order":0,"comment_status":"closed","ping_status":"closed","template":"","meta":{"footnotes":""},"_links":{"self":[{"href":"https:\/\/flyfish-bregenzerwald.at\/index.php\/wp-json\/wp\/v2\/pages\/961"}],"collection":[{"href":"https:\/\/flyfish-bregenzerwald.at\/index.php\/wp-json\/wp\/v2\/pages"}],"about":[{"href":"https:\/\/flyfish-bregenzerwald.at\/index.php\/wp-json\/wp\/v2\/types\/page"}],"author":[{"embeddable":true,"href":"https:\/\/flyfish-bregenzerwald.at\/index.php\/wp-json\/wp\/v2\/users\/2"}],"replies":[{"embeddable":true,"href":"https:\/\/flyfish-bregenzerwald.at\/index.php\/wp-json\/wp\/v2\/comments?post=961"}],"version-history":[{"count":2,"href":"https:\/\/flyfish-bregenzerwald.at\/index.php\/wp-json\/wp\/v2\/pages\/961\/revisions"}],"predecessor-version":[{"id":1459,"href":"https:\/\/flyfish-bregenzerwald.at\/index.php\/wp-json\/wp\/v2\/pages\/961\/revisions\/1459"}],"wp:featuredmedia":[{"embeddable":true,"href":"https:\/\/flyfish-bregenzerwald.at\/index.php\/wp-json\/wp\/v2\/media\/1223"}],"wp:attachment":[{"href":"https:\/\/flyfish-bregenzerwald.at\/index.php\/wp-json\/wp\/v2\/media?parent=961"}],"curies":[{"name":"wp","href":"https:\/\/api.w.org\/{rel}","templated":true}]}}