{"id":752,"date":"2022-10-20T17:54:43","date_gmt":"2022-10-20T17:54:43","guid":{"rendered":"https:\/\/flyfish-bregenzerwald.at\/?page_id=752"},"modified":"2024-04-09T18:11:42","modified_gmt":"2024-04-09T18:11:42","slug":"kurstermine-2","status":"publish","type":"page","link":"https:\/\/flyfish-bregenzerwald.at\/index.php\/kurstermine-2\/","title":{"rendered":"Kurstermine 2024"},"content":{"rendered":"\n<p><strong>Die  Termine unserer Kurse f\u00fcr 2024 stehen fest. Sichere dir heute noch deinen Platz in einem unserer Kurse!<\/strong><br>Falls Ihr Wunschtermin schon ausgebucht ist, kann es sein, dass ein Kursteilnehmer unerwartet ausf\u00e4llt und kurzfristig ein Platz frei wird oder ein weiterer Kurs zustande kommt.<br>Gerne k\u00f6nnen Sie sich bei uns unter info@flyfish-bregenzerwald.at oder 0043 664 4146482 auf die Warteliste setzen lassen.<\/p>\n\n\n\n<p><strong>16.03.2024<\/strong><br><strong>Hechtkurs<\/strong><br>F\u00fcr viele Fliegenfischer ist die Fischerei auf Hecht noch unbekannt, dies wollen wir \u00e4ndern.<br>\u2192 <a href=\"https:\/\/flyfish-bregenzerwald.at\/wp-content\/uploads\/2023\/11\/ffbw_kurs_Hechtkurs_1_16.03.24.pdf\" data-type=\"attachment\" data-id=\"1437\" target=\"_blank\" rel=\"noreferrer noopener\">Zur Kursbeschreibung<\/a><\/p>\n\n\n\n<p><strong>23.03.2024<\/strong><br><strong>Fliegenbindekurs<\/strong><br>Einen Fisch mit einer selbstgebundenen Fliege zu \u00fcberlisten ist meist das H\u00f6chste f\u00fcr einen Fliegen-<br>fischer. Wir geben dir in diesem Kurs den n\u00f6tigen Einblick und das Basiswissen, um mit dem<br>Fliegenbinden beginnen zu k\u00f6nnen.<br>\u2192 <a href=\"https:\/\/flyfish-bregenzerwald.at\/wp-content\/uploads\/2023\/11\/ffbw_kurs_Fliegenbindekurs_23.03.24.pdf\" data-type=\"attachment\" data-id=\"1434\" target=\"_blank\" rel=\"noreferrer noopener\">Zur Kursbeschreibung<\/a><\/p>\n\n\n\n<p><strong>06.04.2024<\/strong><br><strong>Fliegenwurf-Schnupperkurs<\/strong><br>Schnupper&nbsp;doch einfach ein bisschen ins Fliegenfischen rein und lass dich \u00fcberraschen.<br>\u2192 <a href=\"https:\/\/flyfish-bregenzerwald.at\/wp-content\/uploads\/2023\/11\/ffbw_kurs_Schnupperkurs_06.04.24.pdf\" data-type=\"attachment\" data-id=\"1439\" target=\"_blank\" rel=\"noreferrer noopener\">Zur Kursbeschreibung<\/a><\/p>\n\n\n\n<p><strong>20.+21.04.2024<\/strong><br><strong>Wurf- und Fliegenfischkurs f\u00fcr Einsteiger und leicht Fortgeschrittene<\/strong><br>Bei diesem 2-Tages-Wochenendkurs zeigen wir dir Grundlegendes zur Ger\u00e4tewahl, verschiedene W\u00fcrfe und Techniken, am Gew\u00e4sser setzen wir das Gelernte in die Tat um.<br>\u2192 <a rel=\"noreferrer noopener\" href=\"https:\/\/flyfish-bregenzerwald.at\/wp-content\/uploads\/2023\/11\/ffbw_kurs_einsteiger_1_20.21.04.24.pdf\" data-type=\"attachment\" data-id=\"1431\" target=\"_blank\">Zur Kursbeschreibung<\/a><\/p>\n\n\n\n<p><strong>23.+24.04.2024<\/strong><br><strong>Wurf- und Fliegenfischkurs f\u00fcr Einsteiger und leicht Fortgeschrittene<\/strong><br>Bei diesem 2-Tages-Wochenendkurs zeigen wir dir Grundlegendes zur Ger\u00e4tewahl, verschiedene W\u00fcrfe und Techniken, am Gew\u00e4sser setzen wir das Gelernte in die Tat um.<br>\u2192 <a rel=\"noreferrer noopener\" href=\"https:\/\/flyfish-bregenzerwald.at\/wp-content\/uploads\/2023\/11\/ffbw_kurs_einsteiger_2_23.24.04.24.pdf\" data-type=\"attachment\" data-id=\"1432\" target=\"_blank\">Zur Kursbeschreibung<\/a><\/p>\n\n\n\n<p><strong>27.+28.04.2024<\/strong><br><strong>Wurf- und Fliegenfischkurs f\u00fcr Einsteiger und leicht Fortgeschrittene<\/strong><br>Bei diesem 2-Tages-Wochenendkurs zeigen wir dir Grundlegendes zur Ger\u00e4tewahl, verschiedene W\u00fcrfe und Techniken, am Gew\u00e4sser setzen wir das Gelernte in die Tat um.<br>\u2192 <a rel=\"noreferrer noopener\" href=\"https:\/\/flyfish-bregenzerwald.at\/wp-content\/uploads\/2023\/11\/ffbw_kurs_einsteiger_3_27.28.04.24.pdf\" data-type=\"attachment\" data-id=\"1433\" target=\"_blank\">Zur Kursbeschreibung<\/a><\/p>\n\n\n\n<p><strong>04.+05.05.2024<\/strong><br><strong>Wurf- und Fliegenfischkurs f\u00fcr Fortgeschrittene<\/strong><br>Bei diesem 2-Tages-Wochenendkurs lernst oder verbesserst du den Doppelzug und lernst oder perfektionierst du diverse Trickw\u00fcrfe. Weit Fortgeschrittene werden individuell geschult. Gew\u00e4sserlesen und Insektenkunde stehen am 2. Tag ua. ebenfalls auf dem Programm.<br>\u2192 <a rel=\"noreferrer noopener\" href=\"https:\/\/flyfish-bregenzerwald.at\/wp-content\/uploads\/2023\/11\/ffbw_kurs_fortgeschritten_1_04.05.05.24.pdf\" data-type=\"attachment\" data-id=\"1435\" target=\"_blank\">Zur Kursbeschreibung<\/a><\/p>\n\n\n\n<p><strong>25.+26.05.2024<\/strong><br><strong>Wurf- und Fliegenfischkurs f\u00fcr Einsteiger und leicht Fortgeschrittene<\/strong><br>Bei diesem 2-Tages-Wochenendkurs zeigen wir dir Grundlegendes zur Ger\u00e4tewahl, verschiedene W\u00fcrfe und Techniken, am Gew\u00e4sser setzen wir das Gelernte in die Tat um.<br>\u2192 <a href=\"https:\/\/flyfish-bregenzerwald.at\/wp-content\/uploads\/2024\/04\/ffbw_kurs_einsteiger_4_25.u.26.05.24.pdf\" data-type=\"attachment\" data-id=\"1492\" target=\"_blank\" rel=\"noreferrer noopener\">Zur Kursbeschreibung<\/a><\/p>\n\n\n\n<p><strong>23.11.2024<\/strong><br><strong>Hechtkurs<\/strong><br>F\u00fcr viele Fliegenfischer ist die Fischerei auf Hecht noch unbekannt, dies wollen wir \u00e4ndern.<br>\u2192 <a href=\"https:\/\/flyfish-bregenzerwald.at\/wp-content\/uploads\/2023\/11\/ffbw_kurs_Hechtkurs_3_23.11.24.pdf\" data-type=\"attachment\" data-id=\"1438\" target=\"_blank\" rel=\"noreferrer noopener\">Zur Kursbeschreibung<\/a><\/p>\n\n\n\n<hr class=\"wp-block-separator has-css-opacity\"\/>\n\n\n\n<p><strong>W\u00fcnschen Sie einen Gruppen- oder Einzelkurs in Ihrer Umgebung oder haben Sie eine Veranstaltung, wir reisen gerne zu Ihnen.<\/strong><\/p>\n","protected":false},"excerpt":{"rendered":"<p>Die Termine unserer Kurse f\u00fcr 2024 stehen fest. Sichere dir heute noch deinen Platz in einem unserer Kurse!Falls Ihr Wunschtermin schon ausgebucht ist, kann es sein, dass ein Kursteilnehmer unerwartet ausf\u00e4llt und kurzfristig ein Platz frei wird oder ein weiterer Kurs zustande kommt.Gerne k\u00f6nnen Sie sich bei uns unter info@flyfish-bregenzerwald.at oder 0043 664 4146482 auf &#8230; <\/p>\n<p class=\"read-more-container\"><a title=\"Kurstermine 2024\" class=\"read-more button\" href=\"https:\/\/flyfish-bregenzerwald.at\/index.php\/kurstermine-2\/#more-752\" aria-label=\"Mehr zu Kurstermine 2024\">Mehr &#8230;<\/a><\/p>\n","protected":false},"author":2,"featured_media":1222,"parent":0,"menu_order":0,"comment_status":"closed","ping_status":"closed","template":"","meta":{"footnotes":""},"_links":{"self":[{"href":"https:\/\/flyfish-bregenzerwald.at\/index.php\/wp-json\/wp\/v2\/pages\/752"}],"collection":[{"href":"https:\/\/flyfish-bregenzerwald.at\/index.php\/wp-json\/wp\/v2\/pages"}],"about":[{"href":"https:\/\/flyfish-bregenzerwald.at\/index.php\/wp-json\/wp\/v2\/types\/page"}],"author":[{"embeddable":true,"href":"https:\/\/flyfish-bregenzerwald.at\/index.php\/wp-json\/wp\/v2\/users\/2"}],"replies":[{"embeddable":true,"href":"https:\/\/flyfish-bregenzerwald.at\/index.php\/wp-json\/wp\/v2\/comments?post=752"}],"version-history":[{"count":72,"href":"https:\/\/flyfish-bregenzerwald.at\/index.php\/wp-json\/wp\/v2\/pages\/752\/revisions"}],"predecessor-version":[{"id":1496,"href":"https:\/\/flyfish-bregenzerwald.at\/index.php\/wp-json\/wp\/v2\/pages\/752\/revisions\/1496"}],"wp:featuredmedia":[{"embeddable":true,"href":"https:\/\/flyfish-bregenzerwald.at\/index.php\/wp-json\/wp\/v2\/media\/1222"}],"wp:attachment":[{"href":"https:\/\/flyfish-bregenzerwald.at\/index.php\/wp-json\/wp\/v2\/media?parent=752"}],"curies":[{"name":"wp","href":"https:\/\/api.w.org\/{rel}","templated":true}]}}