{"id":21,"date":"2018-11-16T22:59:23","date_gmt":"2018-11-16T22:59:23","guid":{"rendered":"https:\/\/gpsites.co\/mellow\/?page_id=21"},"modified":"2021-10-09T08:04:20","modified_gmt":"2021-10-09T08:04:20","slug":"about","status":"publish","type":"page","link":"https:\/\/flyfish-bregenzerwald.at\/index.php\/about\/","title":{"rendered":"\u00dcber uns"},"content":{"rendered":"<p>Ich bin Claus Elmenreich, 1974 im Bregenzerwald, genauer gesagt in Egg geboren und aufgewachsen.<\/p>\n<p>Nun, wie bin ich zu meinem Hobby und zugleich meinem Beruf der Fliegenfischerei gekommen?<br \/>\nVon Kindesbeinen an hatte ich das Gl\u00fcck, dass mein Vater schon damals ein sehr begnadeter Fischer gewesen ist. Im Alter von acht Jahren wurde ich mit der Fliegenfischerei vertraut gemacht. Auf der Hausstrecke, der Subersach, und ab und zu mal in der Bregenzerach, erhielt ich meine ersten Anweisungen wie das Fischen mit der Fliege ausschauen sollte. Jedoch folgten danach einige \u201etrockene Jahre\u201c &#8211; da war wohl Anderes wichtiger.<\/p>\n<p>Nun gut, aus anf\u00e4nglicher Skepsis, versuchte ich es mit 16 Jahren erneut und da man mit den Jahren doch etwas \u00e4lter und auch weiser wird, hat mich diese Leidenschaft gepackt und bis heute nicht losgelassen.<\/p>\n<div class=\"rl-gallery-container rl-loading\" id=\"rl-gallery-container-1\" data-gallery_id=\"182\"> <div class=\"rl-gallery rl-basicgrid-gallery \" id=\"rl-gallery-1\" data-gallery_no=\"1\"> <div class=\"rl-gallery-item\"><a href=\"https:\/\/flyfish-bregenzerwald.at\/wp-content\/uploads\/2019\/12\/FFBWD3X13520.jpg\" title=\"\" data-rl_title=\"\" class=\"rl-gallery-link\" data-rl_caption=\"\" data-rel=\"lightbox-gallery-1\"><img loading=\"lazy\" decoding=\"async\" src=\"https:\/\/flyfish-bregenzerwald.at\/wp-content\/uploads\/2019\/12\/FFBWD3X13520-300x200.jpg\" width=\"300\" height=\"200\" alt=\"\" \/><\/a><\/div><div class=\"rl-gallery-item\"><a href=\"https:\/\/flyfish-bregenzerwald.at\/wp-content\/uploads\/2019\/12\/FFBWD3X13738.jpg\" title=\"\" data-rl_title=\"\" class=\"rl-gallery-link\" data-rl_caption=\"\" data-rel=\"lightbox-gallery-1\"><img loading=\"lazy\" decoding=\"async\" src=\"https:\/\/flyfish-bregenzerwald.at\/wp-content\/uploads\/2019\/12\/FFBWD3X13738-300x200.jpg\" width=\"300\" height=\"200\" alt=\"\" \/><\/a><\/div><div class=\"rl-gallery-item\"><a href=\"https:\/\/flyfish-bregenzerwald.at\/wp-content\/uploads\/2019\/12\/FFBWD4S3184.jpg\" title=\"\" data-rl_title=\"\" class=\"rl-gallery-link\" data-rl_caption=\"\" data-rel=\"lightbox-gallery-1\"><img loading=\"lazy\" decoding=\"async\" src=\"https:\/\/flyfish-bregenzerwald.at\/wp-content\/uploads\/2019\/12\/FFBWD4S3184-300x200.jpg\" width=\"300\" height=\"200\" alt=\"\" \/><\/a><\/div><div class=\"rl-gallery-item\"><a href=\"https:\/\/flyfish-bregenzerwald.at\/wp-content\/uploads\/2019\/12\/FFBWD3X13806.jpg\" title=\"\" data-rl_title=\"\" class=\"rl-gallery-link\" data-rl_caption=\"\" data-rel=\"lightbox-gallery-1\"><img loading=\"lazy\" decoding=\"async\" src=\"https:\/\/flyfish-bregenzerwald.at\/wp-content\/uploads\/2019\/12\/FFBWD3X13806-300x200.jpg\" width=\"300\" height=\"200\" alt=\"\" \/><\/a><\/div><div class=\"rl-gallery-item\"><a href=\"https:\/\/flyfish-bregenzerwald.at\/wp-content\/uploads\/2019\/12\/FFBWD3X13807.jpg\" title=\"\" data-rl_title=\"\" class=\"rl-gallery-link\" data-rl_caption=\"\" data-rel=\"lightbox-gallery-1\"><img loading=\"lazy\" decoding=\"async\" src=\"https:\/\/flyfish-bregenzerwald.at\/wp-content\/uploads\/2019\/12\/FFBWD3X13807-300x200.jpg\" width=\"300\" height=\"200\" alt=\"\" \/><\/a><\/div><div class=\"rl-gallery-item\"><a href=\"https:\/\/flyfish-bregenzerwald.at\/wp-content\/uploads\/2019\/12\/responsive-lightbox-thumbnail.png\" title=\"\" data-rl_title=\"\" class=\"rl-gallery-link\" data-rl_caption=\"\" data-rel=\"lightbox-gallery-1\"><img loading=\"lazy\" decoding=\"async\" src=\"https:\/\/flyfish-bregenzerwald.at\/wp-content\/uploads\/2019\/12\/responsive-lightbox-thumbnail-300x169.png\" width=\"300\" height=\"169\" alt=\"\" \/><\/a><\/div> <\/div> <\/div>\n<p>Im Jahre 2002 und 2003 habe ich mein Wissen intensiviert und die vom Fischereiverband Vorarlberg angebotenen Kurse der Elektrofischerei, der Bewirtschaftung der Gew\u00e4sser und den Fischereiaufseher gemacht.<\/p>\n<p>Im Fr\u00fchjahr 2004 entschloss ich mich die freiwillige Pr\u00fcfung zum FFF-E Instruktor (Federation of Fly Fishers Europe) der heutigen EFFA (European Fly Fishing Association) in Salzburg abzulegen.<\/p>\n<p>So ist es mir nun m\u00f6glich, Euch die verschiedenen Wurftechniken der Fliegenfischerei und mein gesamtes Wissen und meine Erfahrung in meinen Fliegenfisch- und Fliegenwurfkursen n\u00e4her zu bringen.<\/p>\n<p>Als ich 1998 meine jetzige Frau Michaela kennen lernte, konnte ich auch sie nach kurzer Zeit f\u00fcr das Fliegenfischen begeistern. 2003 hat sie die Fischerpr\u00fcfung des Landes Vorarlberg abgelegt.<br \/>\nSeit der Geburt unseres Sohnes Kevin im Jahr 2005 und unserer Tochter Leni im Jahr 2008 stehen wir Euch gemeinsam mit Rat und Tat zur Verf\u00fcgung.<\/p>\n<p>Wir hoffen, wir haben Euch hiermit einen kleinen kurzen Einblick in unsere Welt geben k\u00f6nnen. Wir w\u00fcrden uns freuen, wenn wir auch Eure Leidenschaft geweckt haben.<\/p>\n<p>Wir w\u00fcnschen Euch viel Spa\u00df beim St\u00f6bern<br \/>\nEuer<br \/>\nTeam von flyfish-Bregenzerwald<br \/>\nClaus Elmenreich<\/p>\n","protected":false},"excerpt":{"rendered":"<p>Ich bin Claus Elmenreich, 1974 im Bregenzerwald, genauer gesagt in Egg geboren und aufgewachsen. Nun, wie bin ich zu meinem Hobby und zugleich meinem Beruf der Fliegenfischerei gekommen? Von Kindesbeinen an hatte ich das Gl\u00fcck, dass mein Vater schon damals ein sehr begnadeter Fischer gewesen ist. Im Alter von acht Jahren wurde ich mit der &#8230; <\/p>\n<p class=\"read-more-container\"><a title=\"\u00dcber uns\" class=\"read-more button\" href=\"https:\/\/flyfish-bregenzerwald.at\/index.php\/about\/#more-21\" aria-label=\"Mehr zu \u00dcber uns\">Mehr &#8230;<\/a><\/p>\n","protected":false},"author":1,"featured_media":120,"parent":0,"menu_order":0,"comment_status":"closed","ping_status":"closed","template":"","meta":{"footnotes":""},"_links":{"self":[{"href":"https:\/\/flyfish-bregenzerwald.at\/index.php\/wp-json\/wp\/v2\/pages\/21"}],"collection":[{"href":"https:\/\/flyfish-bregenzerwald.at\/index.php\/wp-json\/wp\/v2\/pages"}],"about":[{"href":"https:\/\/flyfish-bregenzerwald.at\/index.php\/wp-json\/wp\/v2\/types\/page"}],"author":[{"embeddable":true,"href":"https:\/\/flyfish-bregenzerwald.at\/index.php\/wp-json\/wp\/v2\/users\/1"}],"replies":[{"embeddable":true,"href":"https:\/\/flyfish-bregenzerwald.at\/index.php\/wp-json\/wp\/v2\/comments?post=21"}],"version-history":[{"count":4,"href":"https:\/\/flyfish-bregenzerwald.at\/index.php\/wp-json\/wp\/v2\/pages\/21\/revisions"}],"predecessor-version":[{"id":400,"href":"https:\/\/flyfish-bregenzerwald.at\/index.php\/wp-json\/wp\/v2\/pages\/21\/revisions\/400"}],"wp:featuredmedia":[{"embeddable":true,"href":"https:\/\/flyfish-bregenzerwald.at\/index.php\/wp-json\/wp\/v2\/media\/120"}],"wp:attachment":[{"href":"https:\/\/flyfish-bregenzerwald.at\/index.php\/wp-json\/wp\/v2\/media?parent=21"}],"curies":[{"name":"wp","href":"https:\/\/api.w.org\/{rel}","templated":true}]}}