{"id":1599,"date":"2024-05-17T14:27:30","date_gmt":"2024-05-17T14:27:30","guid":{"rendered":"https:\/\/flyfish-bregenzerwald.at\/?page_id=1599"},"modified":"2024-10-27T15:14:56","modified_gmt":"2024-10-27T15:14:56","slug":"guiding-neu-mit-boot","status":"publish","type":"page","link":"https:\/\/flyfish-bregenzerwald.at\/index.php\/guiding-neu-mit-boot\/","title":{"rendered":"Guiding"},"content":{"rendered":"\n<p>Unser Leitspruch ist: &#8222;Alles Unm\u00f6gliche, m\u00f6glich zu machen!&#8220;<\/p>\n\n\n<div class=\"wp-block-image is-style-default\">\n<figure class=\"alignleft size-large\"><img loading=\"lazy\" decoding=\"async\" width=\"1024\" height=\"294\" src=\"https:\/\/flyfish-bregenzerwald.at\/wp-content\/uploads\/2023\/05\/DSC04032-1024x294.jpg\" alt=\"\" class=\"wp-image-1354\" srcset=\"https:\/\/flyfish-bregenzerwald.at\/wp-content\/uploads\/2023\/05\/DSC04032-1024x294.jpg 1024w, https:\/\/flyfish-bregenzerwald.at\/wp-content\/uploads\/2023\/05\/DSC04032-300x86.jpg 300w, https:\/\/flyfish-bregenzerwald.at\/wp-content\/uploads\/2023\/05\/DSC04032-768x221.jpg 768w, https:\/\/flyfish-bregenzerwald.at\/wp-content\/uploads\/2023\/05\/DSC04032-1536x441.jpg 1536w, https:\/\/flyfish-bregenzerwald.at\/wp-content\/uploads\/2023\/05\/DSC04032-2048x589.jpg 2048w\" sizes=\"(max-width: 1024px) 100vw, 1024px\" \/><\/figure><\/div>\n\n\n<p>Sie planen einen Aufenthalt im Bregenzerwald und Umgebung und m\u00f6chten einen unvergesslichen Tag am Wasser bei uns verbringen? Wir bieten Fischen auf 150km spektakul\u00e4ren Flusslandschaften, an malerischen Bergseen oder auch Fischen vom Boot aus auf dem Bodensee an. Bei unseren Guidings ist &#8211; au\u00dfer der Verpflegung &#8211; alles inclusive!<\/p>\n\n\n\n<p>Wir begleiten Sie an unsere Gew\u00e4sser, f\u00fchren Sie an die besten Spots, vermitteln wie man das Gew\u00e4sser richtig &#8222;liest&#8220;, welche K\u00f6der und welche Taktik an den verschiedenen Flussabschnitten oder Seen am meisten Erfolg versprechen. So haben Sie sogar als Beginner beste Chancen, Fische zu fangen.<\/p>\n\n\n\n<p>Auf Wunsch kommen wir auch gerne an Ihr Gew\u00e4sser.F\u00fcr dieses unvergessliche Abenteuer sollten Sie je nach Ausdauer 4 &#8211; 8 Stunden Zeit mitbringen.<\/p>\n\n\n\n<figure class=\"wp-block-image size-large is-resized\"><img loading=\"lazy\" decoding=\"async\" width=\"1024\" height=\"473\" src=\"https:\/\/flyfish-bregenzerwald.at\/wp-content\/uploads\/2024\/06\/20240317_105038-1024x473.jpg\" alt=\"\" class=\"wp-image-1650\" style=\"width:859px;height:auto\" srcset=\"https:\/\/flyfish-bregenzerwald.at\/wp-content\/uploads\/2024\/06\/20240317_105038-1024x473.jpg 1024w, https:\/\/flyfish-bregenzerwald.at\/wp-content\/uploads\/2024\/06\/20240317_105038-300x139.jpg 300w, https:\/\/flyfish-bregenzerwald.at\/wp-content\/uploads\/2024\/06\/20240317_105038-768x355.jpg 768w, https:\/\/flyfish-bregenzerwald.at\/wp-content\/uploads\/2024\/06\/20240317_105038-1536x710.jpg 1536w, https:\/\/flyfish-bregenzerwald.at\/wp-content\/uploads\/2024\/06\/20240317_105038-2048x946.jpg 2048w\" sizes=\"(max-width: 1024px) 100vw, 1024px\" \/><\/figure>\n\n\n\n<p>Als Richtwert f\u00fcr eine Person sollten Sie pro Halbtag je nach Flie\u00dfgew\u00e4sser oder See (ca. 4 Stunden) mit \u20ac 236,- rechnen, f\u00fcr jede weitere Person \u20ac 39,- pro Stunde.<br>Als Richtwert f\u00fcr max. zwei Personen vom professionellen Fischerboot aus auf dem Bodensee (ca. 4 Stunden), rechnen Sie mit \u20ac 450,- plus die jeweilig ben\u00f6tigten Fischereilizenzen.<\/p>\n","protected":false},"excerpt":{"rendered":"<p>Unser Leitspruch ist: &#8222;Alles Unm\u00f6gliche, m\u00f6glich zu machen!&#8220; Sie planen einen Aufenthalt im Bregenzerwald und Umgebung und m\u00f6chten einen unvergesslichen Tag am Wasser bei uns verbringen? Wir bieten Fischen auf 150km spektakul\u00e4ren Flusslandschaften, an malerischen Bergseen oder auch Fischen vom Boot aus auf dem Bodensee an. Bei unseren Guidings ist &#8211; au\u00dfer der Verpflegung &#8211; &#8230; <\/p>\n<p class=\"read-more-container\"><a title=\"Guiding\" class=\"read-more button\" href=\"https:\/\/flyfish-bregenzerwald.at\/index.php\/guiding-neu-mit-boot\/#more-1599\" aria-label=\"Mehr zu Guiding\">Mehr &#8230;<\/a><\/p>\n","protected":false},"author":2,"featured_media":161,"parent":0,"menu_order":0,"comment_status":"closed","ping_status":"closed","template":"","meta":{"footnotes":""},"_links":{"self":[{"href":"https:\/\/flyfish-bregenzerwald.at\/index.php\/wp-json\/wp\/v2\/pages\/1599"}],"collection":[{"href":"https:\/\/flyfish-bregenzerwald.at\/index.php\/wp-json\/wp\/v2\/pages"}],"about":[{"href":"https:\/\/flyfish-bregenzerwald.at\/index.php\/wp-json\/wp\/v2\/types\/page"}],"author":[{"embeddable":true,"href":"https:\/\/flyfish-bregenzerwald.at\/index.php\/wp-json\/wp\/v2\/users\/2"}],"replies":[{"embeddable":true,"href":"https:\/\/flyfish-bregenzerwald.at\/index.php\/wp-json\/wp\/v2\/comments?post=1599"}],"version-history":[{"count":7,"href":"https:\/\/flyfish-bregenzerwald.at\/index.php\/wp-json\/wp\/v2\/pages\/1599\/revisions"}],"predecessor-version":[{"id":1743,"href":"https:\/\/flyfish-bregenzerwald.at\/index.php\/wp-json\/wp\/v2\/pages\/1599\/revisions\/1743"}],"wp:featuredmedia":[{"embeddable":true,"href":"https:\/\/flyfish-bregenzerwald.at\/index.php\/wp-json\/wp\/v2\/media\/161"}],"wp:attachment":[{"href":"https:\/\/flyfish-bregenzerwald.at\/index.php\/wp-json\/wp\/v2\/media?parent=1599"}],"curies":[{"name":"wp","href":"https:\/\/api.w.org\/{rel}","templated":true}]}}