{"id":1183,"date":"2023-05-17T09:09:32","date_gmt":"2023-05-17T09:09:32","guid":{"rendered":"https:\/\/flyfish-bregenzerwald.at\/?page_id=1183"},"modified":"2023-05-17T09:09:33","modified_gmt":"2023-05-17T09:09:33","slug":"naechster-eisteigerkurs-am-25-und-26-04-2023","status":"publish","type":"page","link":"https:\/\/flyfish-bregenzerwald.at\/index.php\/naechster-eisteigerkurs-am-25-und-26-04-2023\/","title":{"rendered":"N\u00e4chster Eisteigerkurs am 25. und 26.04.2023"},"content":{"rendered":"<div class=\"wp-block-image\">\n<figure class=\"alignleft size-large is-resized\"><img decoding=\"async\" src=\"https:\/\/flyfish-bregenzerwald.at\/wp-content\/uploads\/2023\/05\/Nikolai_Palkovich_Richard_Natter_2-1024x576.jpg\" alt=\"\" class=\"wp-image-1193\" width=\"358\" srcset=\"https:\/\/flyfish-bregenzerwald.at\/wp-content\/uploads\/2023\/05\/Nikolai_Palkovich_Richard_Natter_2-1024x576.jpg 1024w, https:\/\/flyfish-bregenzerwald.at\/wp-content\/uploads\/2023\/05\/Nikolai_Palkovich_Richard_Natter_2-300x169.jpg 300w, https:\/\/flyfish-bregenzerwald.at\/wp-content\/uploads\/2023\/05\/Nikolai_Palkovich_Richard_Natter_2-768x432.jpg 768w, https:\/\/flyfish-bregenzerwald.at\/wp-content\/uploads\/2023\/05\/Nikolai_Palkovich_Richard_Natter_2-1536x865.jpg 1536w, https:\/\/flyfish-bregenzerwald.at\/wp-content\/uploads\/2023\/05\/Nikolai_Palkovich_Richard_Natter_2-2048x1153.jpg 2048w\" sizes=\"(max-width: 1024px) 100vw, 1024px\" \/><\/figure><\/div>\n\n\n<p>Am ersten Tag wollte uns Petrus kein l\u00e4ngeres Zeitfenster mit Sonne g\u00f6nnen. Neben Theorie, Ger\u00e4tekunde, Insektenkunde und vielen anderen Themen kam zwischendurch auch die Regenkleidung bei der Wurfpraxis immer wieder zum Einsatz. Aber Fliegenfischen ist eben Outdoor und mit der richtigen Ausr\u00fcstung macht es auch bei Regenwetter richtig Spa\u00df. Einfach Aprilwetter wie fr\u00fcher, mit Sonne und Starkregen! \ud83d\ude42<\/p>\n\n\n<div class=\"wp-block-image\">\n<figure class=\"alignright size-large is-resized\"><img decoding=\"async\" src=\"https:\/\/flyfish-bregenzerwald.at\/wp-content\/uploads\/2023\/05\/Nikolai_Palkovich_2-1024x576.jpg\" alt=\"\" class=\"wp-image-1192\" width=\"358\" srcset=\"https:\/\/flyfish-bregenzerwald.at\/wp-content\/uploads\/2023\/05\/Nikolai_Palkovich_2-1024x576.jpg 1024w, https:\/\/flyfish-bregenzerwald.at\/wp-content\/uploads\/2023\/05\/Nikolai_Palkovich_2-300x169.jpg 300w, https:\/\/flyfish-bregenzerwald.at\/wp-content\/uploads\/2023\/05\/Nikolai_Palkovich_2-768x432.jpg 768w, https:\/\/flyfish-bregenzerwald.at\/wp-content\/uploads\/2023\/05\/Nikolai_Palkovich_2-1536x864.jpg 1536w, https:\/\/flyfish-bregenzerwald.at\/wp-content\/uploads\/2023\/05\/Nikolai_Palkovich_2-2048x1152.jpg 2048w\" sizes=\"(max-width: 1024px) 100vw, 1024px\" \/><\/figure><\/div>\n\n\n<p>Im Laufe des Kurses stellte sich heraus, dass dieser Kurs nach ca. 20 Jahren und rund 600 Kursteilnehmern auch f\u00fcr uns etwas Besonderes wurde. Einige Teilnehmer waren n\u00e4mlich staatlich gepr\u00fcfte Skilehrer, selbst methodisch und didaktisch hervorragend geschult. Sie schauten uns ziemlich genau auf die Finger. Das \u00fcberaus positive Feedback freute uns deshalb sehr!<br>Ein weiterer Kursteilnehmer war aufgrund seines sehr hohen Interesses an der Fliegenfischerei mit dabei, wollte aber weder jetzt noch in Zukunft einen Fisch fangen. Als es ans Fischen ging, montierte er sich eine Fliege ohne Haken. Das hatten wir jetzt auch noch nie!<\/p>\n\n\n<div class=\"wp-block-image\">\n<figure class=\"alignleft size-large is-resized\"><img loading=\"lazy\" decoding=\"async\" src=\"https:\/\/flyfish-bregenzerwald.at\/wp-content\/uploads\/2023\/05\/Richard_Natter_5-1024x576.jpg\" alt=\"\" class=\"wp-image-1185\" width=\"358\" height=\"200\" srcset=\"https:\/\/flyfish-bregenzerwald.at\/wp-content\/uploads\/2023\/05\/Richard_Natter_5-1024x576.jpg 1024w, https:\/\/flyfish-bregenzerwald.at\/wp-content\/uploads\/2023\/05\/Richard_Natter_5-300x169.jpg 300w, https:\/\/flyfish-bregenzerwald.at\/wp-content\/uploads\/2023\/05\/Richard_Natter_5-768x432.jpg 768w\" sizes=\"(max-width: 358px) 100vw, 358px\" \/><\/figure><\/div>\n\n\n<p>Am zweiten Tag wurden wir endlich mit gutem Wetter und optimalem Wasserstand belohnt. So konnten wir das am Vortag Gelernte gut umsetzen. Da es aber w\u00e4hrend der Nacht bis fast ins Tal geschneit hatte, war die Wassertemperatur etwas gesunken und somit die Insekten und Fische eher im Ruhemodus. Bis auf ein paar Fehlbisse und kurzen Zuckern an der Rute, konnten wir leider keine F\u00e4nge verbuchen. Die ersten Fische an der Fliegenrute unserer Teilnehmer werden aber bestimmt nicht mehr lange auf sich warten lassen!<\/p>\n\n\n\n<p>Claus Elmenreich<\/p>\n\n\n\n<div class=\"rl-gallery-container rl-loading\" id=\"rl-gallery-container-1\" data-gallery_id=\"1199\"> <div class=\"rl-gallery rl-basicgrid-gallery \" id=\"rl-gallery-1\" data-gallery_no=\"1\"> <div class=\"rl-gallery-item\"><a href=\"https:\/\/flyfish-bregenzerwald.at\/wp-content\/uploads\/2023\/05\/snacks-scaled.jpg\" title=\"\" data-rl_title=\"\" class=\"rl-gallery-link\" data-rl_caption=\"\" data-rel=\"lightbox-gallery-1\"><img loading=\"lazy\" decoding=\"async\" src=\"https:\/\/flyfish-bregenzerwald.at\/wp-content\/uploads\/2023\/05\/snacks-300x169.jpg\" width=\"300\" height=\"169\" alt=\"\" \/><\/a><\/div><div class=\"rl-gallery-item\"><a href=\"https:\/\/flyfish-bregenzerwald.at\/wp-content\/uploads\/2023\/05\/Nikolai_Palkovich_Richard_Natter_2-scaled.jpg\" title=\"\" data-rl_title=\"\" class=\"rl-gallery-link\" data-rl_caption=\"\" data-rel=\"lightbox-gallery-1\"><img loading=\"lazy\" decoding=\"async\" src=\"https:\/\/flyfish-bregenzerwald.at\/wp-content\/uploads\/2023\/05\/Nikolai_Palkovich_Richard_Natter_2-300x169.jpg\" width=\"300\" height=\"169\" alt=\"\" \/><\/a><\/div><div class=\"rl-gallery-item\"><a href=\"https:\/\/flyfish-bregenzerwald.at\/wp-content\/uploads\/2023\/05\/Manfred_Salomon_Peter_Gurschler_2-scaled.jpg\" title=\"\" data-rl_title=\"\" class=\"rl-gallery-link\" data-rl_caption=\"\" data-rel=\"lightbox-gallery-1\"><img loading=\"lazy\" decoding=\"async\" src=\"https:\/\/flyfish-bregenzerwald.at\/wp-content\/uploads\/2023\/05\/Manfred_Salomon_Peter_Gurschler_2-300x169.jpg\" width=\"300\" height=\"169\" alt=\"\" \/><\/a><\/div><div class=\"rl-gallery-item\"><a href=\"https:\/\/flyfish-bregenzerwald.at\/wp-content\/uploads\/2023\/05\/Jodok_Meusburger_1-scaled.jpg\" title=\"\" data-rl_title=\"\" class=\"rl-gallery-link\" data-rl_caption=\"\" data-rel=\"lightbox-gallery-1\"><img loading=\"lazy\" decoding=\"async\" src=\"https:\/\/flyfish-bregenzerwald.at\/wp-content\/uploads\/2023\/05\/Jodok_Meusburger_1-300x169.jpg\" width=\"300\" height=\"169\" alt=\"\" \/><\/a><\/div><div class=\"rl-gallery-item\"><a href=\"https:\/\/flyfish-bregenzerwald.at\/wp-content\/uploads\/2023\/05\/Manfred_Salomon_Peter_Gurschler_1-scaled.jpg\" title=\"\" data-rl_title=\"\" class=\"rl-gallery-link\" data-rl_caption=\"\" data-rel=\"lightbox-gallery-1\"><img loading=\"lazy\" decoding=\"async\" src=\"https:\/\/flyfish-bregenzerwald.at\/wp-content\/uploads\/2023\/05\/Manfred_Salomon_Peter_Gurschler_1-300x169.jpg\" width=\"300\" height=\"169\" alt=\"\" \/><\/a><\/div><div class=\"rl-gallery-item\"><a href=\"https:\/\/flyfish-bregenzerwald.at\/wp-content\/uploads\/2023\/05\/Nikolai_Palkovich_2-scaled.jpg\" title=\"\" data-rl_title=\"\" class=\"rl-gallery-link\" data-rl_caption=\"\" data-rel=\"lightbox-gallery-1\"><img loading=\"lazy\" decoding=\"async\" src=\"https:\/\/flyfish-bregenzerwald.at\/wp-content\/uploads\/2023\/05\/Nikolai_Palkovich_2-300x169.jpg\" width=\"300\" height=\"169\" alt=\"\" \/><\/a><\/div><div class=\"rl-gallery-item\"><a href=\"https:\/\/flyfish-bregenzerwald.at\/wp-content\/uploads\/2023\/05\/Peter_Gurschler_2-scaled.jpg\" title=\"\" data-rl_title=\"\" class=\"rl-gallery-link\" data-rl_caption=\"\" data-rel=\"lightbox-gallery-1\"><img loading=\"lazy\" decoding=\"async\" src=\"https:\/\/flyfish-bregenzerwald.at\/wp-content\/uploads\/2023\/05\/Peter_Gurschler_2-300x169.jpg\" width=\"300\" height=\"169\" alt=\"\" \/><\/a><\/div><div class=\"rl-gallery-item\"><a href=\"https:\/\/flyfish-bregenzerwald.at\/wp-content\/uploads\/2023\/05\/Manfred_Salomon_3-scaled.jpg\" title=\"\" data-rl_title=\"\" class=\"rl-gallery-link\" data-rl_caption=\"\" data-rel=\"lightbox-gallery-1\"><img loading=\"lazy\" decoding=\"async\" src=\"https:\/\/flyfish-bregenzerwald.at\/wp-content\/uploads\/2023\/05\/Manfred_Salomon_3-300x169.jpg\" width=\"300\" height=\"169\" alt=\"\" \/><\/a><\/div><div class=\"rl-gallery-item\"><a href=\"https:\/\/flyfish-bregenzerwald.at\/wp-content\/uploads\/2023\/05\/Richard_Natter_5-scaled.jpg\" title=\"\" data-rl_title=\"\" class=\"rl-gallery-link\" data-rl_caption=\"\" data-rel=\"lightbox-gallery-1\"><img loading=\"lazy\" decoding=\"async\" src=\"https:\/\/flyfish-bregenzerwald.at\/wp-content\/uploads\/2023\/05\/Richard_Natter_5-300x169.jpg\" width=\"300\" height=\"169\" alt=\"\" \/><\/a><\/div><div class=\"rl-gallery-item\"><a href=\"https:\/\/flyfish-bregenzerwald.at\/wp-content\/uploads\/2023\/05\/gruppe_mit_claus-scaled.jpg\" title=\"\" data-rl_title=\"\" class=\"rl-gallery-link\" data-rl_caption=\"\" data-rel=\"lightbox-gallery-1\"><img loading=\"lazy\" decoding=\"async\" src=\"https:\/\/flyfish-bregenzerwald.at\/wp-content\/uploads\/2023\/05\/gruppe_mit_claus-300x169.jpg\" width=\"300\" height=\"169\" alt=\"\" \/><\/a><\/div> <\/div> <\/div>\n","protected":false},"excerpt":{"rendered":"<p>Am ersten Tag wollte uns Petrus kein l\u00e4ngeres Zeitfenster mit Sonne g\u00f6nnen. Neben Theorie, Ger\u00e4tekunde, Insektenkunde und vielen anderen Themen kam zwischendurch auch die Regenkleidung bei der Wurfpraxis immer wieder zum Einsatz. Aber Fliegenfischen ist eben Outdoor und mit der richtigen Ausr\u00fcstung macht es auch bei Regenwetter richtig Spa\u00df. Einfach Aprilwetter wie fr\u00fcher, mit Sonne &#8230; <\/p>\n<p class=\"read-more-container\"><a title=\"N\u00e4chster Eisteigerkurs am 25. und 26.04.2023\" class=\"read-more button\" href=\"https:\/\/flyfish-bregenzerwald.at\/index.php\/naechster-eisteigerkurs-am-25-und-26-04-2023\/#more-1183\" aria-label=\"Mehr zu N\u00e4chster Eisteigerkurs am 25. und 26.04.2023\">Mehr &#8230;<\/a><\/p>\n","protected":false},"author":2,"featured_media":1185,"parent":0,"menu_order":0,"comment_status":"closed","ping_status":"closed","template":"","meta":{"footnotes":""},"_links":{"self":[{"href":"https:\/\/flyfish-bregenzerwald.at\/index.php\/wp-json\/wp\/v2\/pages\/1183"}],"collection":[{"href":"https:\/\/flyfish-bregenzerwald.at\/index.php\/wp-json\/wp\/v2\/pages"}],"about":[{"href":"https:\/\/flyfish-bregenzerwald.at\/index.php\/wp-json\/wp\/v2\/types\/page"}],"author":[{"embeddable":true,"href":"https:\/\/flyfish-bregenzerwald.at\/index.php\/wp-json\/wp\/v2\/users\/2"}],"replies":[{"embeddable":true,"href":"https:\/\/flyfish-bregenzerwald.at\/index.php\/wp-json\/wp\/v2\/comments?post=1183"}],"version-history":[{"count":9,"href":"https:\/\/flyfish-bregenzerwald.at\/index.php\/wp-json\/wp\/v2\/pages\/1183\/revisions"}],"predecessor-version":[{"id":1204,"href":"https:\/\/flyfish-bregenzerwald.at\/index.php\/wp-json\/wp\/v2\/pages\/1183\/revisions\/1204"}],"wp:featuredmedia":[{"embeddable":true,"href":"https:\/\/flyfish-bregenzerwald.at\/index.php\/wp-json\/wp\/v2\/media\/1185"}],"wp:attachment":[{"href":"https:\/\/flyfish-bregenzerwald.at\/index.php\/wp-json\/wp\/v2\/media?parent=1183"}],"curies":[{"name":"wp","href":"https:\/\/api.w.org\/{rel}","templated":true}]}}