{"id":1143,"date":"2023-05-04T10:01:36","date_gmt":"2023-05-04T10:01:36","guid":{"rendered":"https:\/\/flyfish-bregenzerwald.at\/?page_id=1143"},"modified":"2024-04-25T15:17:20","modified_gmt":"2024-04-25T15:17:20","slug":"martin-auf-der-ewf","status":"publish","type":"page","link":"https:\/\/flyfish-bregenzerwald.at\/index.php\/martin-auf-der-ewf\/","title":{"rendered":"Martin auf der EWF"},"content":{"rendered":"\n<p><strong>Unser Guide &amp; Fliegenbinder Martin auf der EWF<\/strong><\/p>\n\n\n<div class=\"wp-block-image\">\n<figure class=\"alignright size-large is-resized\"><img decoding=\"async\" src=\"https:\/\/flyfish-bregenzerwald.at\/wp-content\/uploads\/2023\/05\/IMG_2048-1024x768.jpg\" alt=\"\" class=\"wp-image-1152\" width=\"358\" srcset=\"https:\/\/flyfish-bregenzerwald.at\/wp-content\/uploads\/2023\/05\/IMG_2048-1024x768.jpg 1024w, https:\/\/flyfish-bregenzerwald.at\/wp-content\/uploads\/2023\/05\/IMG_2048-300x225.jpg 300w, https:\/\/flyfish-bregenzerwald.at\/wp-content\/uploads\/2023\/05\/IMG_2048-768x576.jpg 768w, https:\/\/flyfish-bregenzerwald.at\/wp-content\/uploads\/2023\/05\/IMG_2048-1536x1152.jpg 1536w, https:\/\/flyfish-bregenzerwald.at\/wp-content\/uploads\/2023\/05\/IMG_2048-2048x1536.jpg 2048w\" sizes=\"(max-width: 1024px) 100vw, 1024px\" \/><\/figure><\/div>\n\n\n<p>Nach seinem Gewinn der Deutschen Meisterschaft im Fliegenbinden (Kategorie Trockenfliege) 2022 wurde Martin eingeladen, als Fliegenbinder auf der Trib\u00fcne der Erlebniswelt Fliegenfischen (EWF) Platz zu nehmen.&nbsp;<\/p>\n\n\n\n<p>Die allj\u00e4hrliche EWF in F\u00fcrstenfeldbruck z\u00e4hlt zu den bedeutendsten Fliegenfischer-Veranstaltungen weltweit und lockt jedes Jahr Besucher aus aller Welt an. Somit war es nat\u00fcrlich f\u00fcr unseren Guide eine gro\u00dfe Ehre, dort sein K\u00f6nnen unter Beweis zu stellen.<\/p>\n\n\n<div class=\"wp-block-image\">\n<figure class=\"alignleft size-large is-resized\"><img decoding=\"async\" src=\"https:\/\/flyfish-bregenzerwald.at\/wp-content\/uploads\/2023\/05\/20230423_094417-1024x576.jpg\" alt=\"\" class=\"wp-image-1156\" width=\"358\" srcset=\"https:\/\/flyfish-bregenzerwald.at\/wp-content\/uploads\/2023\/05\/20230423_094417-1024x576.jpg 1024w, https:\/\/flyfish-bregenzerwald.at\/wp-content\/uploads\/2023\/05\/20230423_094417-300x169.jpg 300w, https:\/\/flyfish-bregenzerwald.at\/wp-content\/uploads\/2023\/05\/20230423_094417-768x432.jpg 768w, https:\/\/flyfish-bregenzerwald.at\/wp-content\/uploads\/2023\/05\/20230423_094417-1536x864.jpg 1536w, https:\/\/flyfish-bregenzerwald.at\/wp-content\/uploads\/2023\/05\/20230423_094417-2048x1152.jpg 2048w\" sizes=\"(max-width: 1024px) 100vw, 1024px\" \/><\/figure><\/div>\n\n\n<p>An den beiden Tagen zeigte er unter anderem wie man f\u00e4ngige K\u00f6cher- und Steinfliegenmuster mit CDC und Hasenhaar-Hecheln bindet.<br><br>Am Sonntag, dem letzten Tag der EWF, begleitete Martin f\u00fcr einige Zeit das Kinderfliegenbinden um dem Fliegenfischernachwuchs unser herrliches Hobby n\u00e4her zu bringen.<\/p>\n\n\n\n<p>Nat\u00fcrlich durfte das Fachsimpeln, das Ausprobieren neuer Methoden und Materialien, sowie das Gesellige mit Gleichgesinnten nicht fehlen!<\/p>\n\n\n\n<p>Wir hoffen, dass wir Martin die n\u00e4chsten Jahre auf internationalen B\u00fchnen sehen d\u00fcrfen. Aber gerne k\u00f6nnt ihr Martin nat\u00fcrlich bei uns als Guide oder in einem der Bindekurse kennenlernen!<\/p>\n\n\n\n<div class=\"rl-gallery-container rl-loading\" id=\"rl-gallery-container-1\" data-gallery_id=\"1165\"> <div class=\"rl-gallery rl-basicgrid-gallery \" id=\"rl-gallery-1\" data-gallery_no=\"1\"> <div class=\"rl-gallery-item\"><a href=\"https:\/\/flyfish-bregenzerwald.at\/wp-content\/uploads\/2023\/05\/IMG_2048-scaled.jpg\" title=\"\" data-rl_title=\"\" class=\"rl-gallery-link\" data-rl_caption=\"\" data-rel=\"lightbox-gallery-1\"><img loading=\"lazy\" decoding=\"async\" src=\"https:\/\/flyfish-bregenzerwald.at\/wp-content\/uploads\/2023\/05\/IMG_2048-300x225.jpg\" width=\"300\" height=\"225\" alt=\"\" \/><\/a><\/div><div class=\"rl-gallery-item\"><a href=\"https:\/\/flyfish-bregenzerwald.at\/wp-content\/uploads\/2023\/05\/20230423_094417-scaled.jpg\" title=\"\" data-rl_title=\"\" class=\"rl-gallery-link\" data-rl_caption=\"\" data-rel=\"lightbox-gallery-1\"><img loading=\"lazy\" decoding=\"async\" src=\"https:\/\/flyfish-bregenzerwald.at\/wp-content\/uploads\/2023\/05\/20230423_094417-300x169.jpg\" width=\"300\" height=\"169\" alt=\"\" \/><\/a><\/div><div class=\"rl-gallery-item\"><a href=\"https:\/\/flyfish-bregenzerwald.at\/wp-content\/uploads\/2023\/05\/IMG_2021-scaled.jpg\" title=\"\" data-rl_title=\"\" class=\"rl-gallery-link\" data-rl_caption=\"\" data-rel=\"lightbox-gallery-1\"><img loading=\"lazy\" decoding=\"async\" src=\"https:\/\/flyfish-bregenzerwald.at\/wp-content\/uploads\/2023\/05\/IMG_2021-225x300.jpg\" width=\"225\" height=\"300\" alt=\"\" \/><\/a><\/div><div class=\"rl-gallery-item\"><a href=\"https:\/\/flyfish-bregenzerwald.at\/wp-content\/uploads\/2023\/05\/IMG_2130-scaled.jpg\" title=\"\" data-rl_title=\"\" class=\"rl-gallery-link\" data-rl_caption=\"\" data-rel=\"lightbox-gallery-1\"><img loading=\"lazy\" decoding=\"async\" src=\"https:\/\/flyfish-bregenzerwald.at\/wp-content\/uploads\/2023\/05\/IMG_2130-300x248.jpg\" width=\"300\" height=\"248\" alt=\"\" \/><\/a><\/div><div class=\"rl-gallery-item\"><a href=\"https:\/\/flyfish-bregenzerwald.at\/wp-content\/uploads\/2023\/05\/IMG_2056.jpg\" title=\"\" data-rl_title=\"\" class=\"rl-gallery-link\" data-rl_caption=\"\" data-rel=\"lightbox-gallery-1\"><img loading=\"lazy\" decoding=\"async\" src=\"https:\/\/flyfish-bregenzerwald.at\/wp-content\/uploads\/2023\/05\/IMG_2056-300x200.jpg\" width=\"300\" height=\"200\" alt=\"\" \/><\/a><\/div><div class=\"rl-gallery-item\"><a href=\"https:\/\/flyfish-bregenzerwald.at\/wp-content\/uploads\/2023\/05\/50e41e16-186c-4cb3-be45-03dd7294aff8.jpg\" title=\"\" data-rl_title=\"\" class=\"rl-gallery-link\" data-rl_caption=\"\" data-rel=\"lightbox-gallery-1\"><img loading=\"lazy\" decoding=\"async\" src=\"https:\/\/flyfish-bregenzerwald.at\/wp-content\/uploads\/2023\/05\/50e41e16-186c-4cb3-be45-03dd7294aff8-300x275.jpg\" width=\"300\" height=\"275\" alt=\"\" \/><\/a><\/div><div class=\"rl-gallery-item\"><a href=\"https:\/\/flyfish-bregenzerwald.at\/wp-content\/uploads\/2023\/05\/IMG_2055-scaled.jpg\" title=\"\" data-rl_title=\"\" class=\"rl-gallery-link\" data-rl_caption=\"\" data-rel=\"lightbox-gallery-1\"><img loading=\"lazy\" decoding=\"async\" src=\"https:\/\/flyfish-bregenzerwald.at\/wp-content\/uploads\/2023\/05\/IMG_2055-300x200.jpg\" width=\"300\" height=\"200\" alt=\"\" \/><\/a><\/div> <\/div> <\/div>\n","protected":false},"excerpt":{"rendered":"<p>Unser Guide &amp; Fliegenbinder Martin auf der EWF Nach seinem Gewinn der Deutschen Meisterschaft im Fliegenbinden (Kategorie Trockenfliege) 2022 wurde Martin eingeladen, als Fliegenbinder auf der Trib\u00fcne der Erlebniswelt Fliegenfischen (EWF) Platz zu nehmen.&nbsp; Die allj\u00e4hrliche EWF in F\u00fcrstenfeldbruck z\u00e4hlt zu den bedeutendsten Fliegenfischer-Veranstaltungen weltweit und lockt jedes Jahr Besucher aus aller Welt an. Somit &#8230; <\/p>\n<p class=\"read-more-container\"><a title=\"Martin auf der EWF\" class=\"read-more button\" href=\"https:\/\/flyfish-bregenzerwald.at\/index.php\/martin-auf-der-ewf\/#more-1143\" aria-label=\"Mehr zu Martin auf der EWF\">Mehr &#8230;<\/a><\/p>\n","protected":false},"author":2,"featured_media":1156,"parent":0,"menu_order":0,"comment_status":"closed","ping_status":"closed","template":"","meta":{"footnotes":""},"_links":{"self":[{"href":"https:\/\/flyfish-bregenzerwald.at\/index.php\/wp-json\/wp\/v2\/pages\/1143"}],"collection":[{"href":"https:\/\/flyfish-bregenzerwald.at\/index.php\/wp-json\/wp\/v2\/pages"}],"about":[{"href":"https:\/\/flyfish-bregenzerwald.at\/index.php\/wp-json\/wp\/v2\/types\/page"}],"author":[{"embeddable":true,"href":"https:\/\/flyfish-bregenzerwald.at\/index.php\/wp-json\/wp\/v2\/users\/2"}],"replies":[{"embeddable":true,"href":"https:\/\/flyfish-bregenzerwald.at\/index.php\/wp-json\/wp\/v2\/comments?post=1143"}],"version-history":[{"count":18,"href":"https:\/\/flyfish-bregenzerwald.at\/index.php\/wp-json\/wp\/v2\/pages\/1143\/revisions"}],"predecessor-version":[{"id":1509,"href":"https:\/\/flyfish-bregenzerwald.at\/index.php\/wp-json\/wp\/v2\/pages\/1143\/revisions\/1509"}],"wp:featuredmedia":[{"embeddable":true,"href":"https:\/\/flyfish-bregenzerwald.at\/index.php\/wp-json\/wp\/v2\/media\/1156"}],"wp:attachment":[{"href":"https:\/\/flyfish-bregenzerwald.at\/index.php\/wp-json\/wp\/v2\/media?parent=1143"}],"curies":[{"name":"wp","href":"https:\/\/api.w.org\/{rel}","templated":true}]}}